{"id":314,"date":"2020-01-20T14:55:34","date_gmt":"2020-01-20T13:55:34","guid":{"rendered":"https:\/\/wsgschwyz.ch\/wordpress\/?page_id=314"},"modified":"2025-02-22T04:48:42","modified_gmt":"2025-02-22T03:48:42","slug":"ueber-uns","status":"publish","type":"page","link":"https:\/\/wsgschwyz.ch\/?page_id=314","title":{"rendered":"\u00dcber uns"},"content":{"rendered":"\n<p>Wir sind ein Sportverein, welcher am 12. April 1956 gegr\u00fcndet wurde und seit diesem Tag die F\u00f6rderung &amp; Freude am Laufsport im Fokus hat.<\/p>\n\n\n\n<p>Unsere beiden Hauptaktivit\u00e4ten bilden Marschveranstaltungen sowie Waffenl\u00e4ufe aus unserem attraktivem Jahresprogramm. Die Highlights in diesen beiden Disziplinen sind jeweils der Internationale 4 Daagse in Holland &amp; der Frauenfelder Milit\u00e4rwettmarsch auf welche wir unseren Trainingsfokus richten. Auch triffst man unsere Mitglieder an diversen anderen Lauf- und Polysportiven Veranstaltungen. Ein Verein der bewegt!<\/p>\n\n\n\n<p>Melde dich doch bei uns, wenn du einmal an einer der zahlreichen Veranstaltungen bei uns mitkommen m\u00f6chtest &amp; in kameradschaftlicher Atmosph\u00e4re ein wenig Wehrsportluft schnuppern m\u00f6chtest.<\/p>\n\n\n\n<h4 class=\"wp-block-heading has-text-align-center\"><em>Bis bald am n\u00e4chsten Anlass!<\/em><\/h4>\n\n\n\n<p class=\"has-text-align-center\"><a href=\"https:\/\/wsgschwyz.ch\/wp-content\/uploads\/2025\/02\/Statuten_WSG_Schwyz_25012025.pdf\">Statuten der WSG Schwyz<\/a><\/p>\n","protected":false},"excerpt":{"rendered":"<p>Wir sind ein Sportverein, welcher am 12. April 1956 gegr\u00fcndet wurde und seit diesem Tag die F\u00f6rderung &amp; Freude am Laufsport im Fokus hat. Unsere beiden Hauptaktivit\u00e4ten bilden Marschveranstaltungen sowie Waffenl\u00e4ufe aus unserem attraktivem Jahresprogramm. Die Highlights in diesen beiden Disziplinen sind jeweils der Internationale 4 Daagse in Holland &amp; der Frauenfelder Milit\u00e4rwettmarsch auf welche [&hellip;]<\/p>\n","protected":false},"author":3,"featured_media":0,"parent":0,"menu_order":0,"comment_status":"closed","ping_status":"closed","template":"","meta":{"footnotes":""},"class_list":["post-314","page","type-page","status-publish","hentry"],"_links":{"self":[{"href":"https:\/\/wsgschwyz.ch\/index.php?rest_route=\/wp\/v2\/pages\/314","targetHints":{"allow":["GET"]}}],"collection":[{"href":"https:\/\/wsgschwyz.ch\/index.php?rest_route=\/wp\/v2\/pages"}],"about":[{"href":"https:\/\/wsgschwyz.ch\/index.php?rest_route=\/wp\/v2\/types\/page"}],"author":[{"embeddable":true,"href":"https:\/\/wsgschwyz.ch\/index.php?rest_route=\/wp\/v2\/users\/3"}],"replies":[{"embeddable":true,"href":"https:\/\/wsgschwyz.ch\/index.php?rest_route=%2Fwp%2Fv2%2Fcomments&post=314"}],"version-history":[{"count":5,"href":"https:\/\/wsgschwyz.ch\/index.php?rest_route=\/wp\/v2\/pages\/314\/revisions"}],"predecessor-version":[{"id":636,"href":"https:\/\/wsgschwyz.ch\/index.php?rest_route=\/wp\/v2\/pages\/314\/revisions\/636"}],"wp:attachment":[{"href":"https:\/\/wsgschwyz.ch\/index.php?rest_route=%2Fwp%2Fv2%2Fmedia&parent=314"}],"curies":[{"name":"wp","href":"https:\/\/api.w.org\/{rel}","templated":true}]}}